 + 2 + 14 + -5
45
Calculate (45 + 88 - 67) + (2 - -1) + 3.
72
-54 - (-53 + -69 + 73)
-5
What is 3 + (9 + -13 + 22 - -20)?
41
What is the value of -38 - (3 - -23 - 4) - (-14 + 2)?
-48
What is (30 - 19) + (-52 + 0 - 2) + -204 + 216?
-31
Evaluate 73 + (-116 + 87 - -21).
65
Calculate -18 + 16 + -56 - (-26 + 22 + 20).
-74
What is 126 - ((70 - 39) + -21)?
116
Evaluate (35 - 35) + (0 - -2 - -7) + -12.
-3
What is (-293 - -71) + 70 + 72?
-80
Calculate (13 + -3 - 3) + -88 + 136.
55
-11 - (-25 - (-12 - -4 - -20 - 7))
19
Calculate -29 + 0 + -314 + 328 - (2 + 11).
-28
What is 91 + -55 - ((7 - (1 + -8)) + -2)?
24
Evaluate 2924 + -2921 + (0 + -28 - 0).
-25
110 + (80 - 40 - 68)
82
Evaluate 6 - 9 - -11 - 19.
-11
Evaluate -17 - (-12 + 1) - (-52 + 138).
-92
What is 24 + -49 + 3 + 29 - (-85 + -1)?
93
Evaluate -48 + (112 + 20 - 111).
-27
What is -33 - ((-54 - -49) + -71)?
43
(-68 + 25 + 53 - (11 + 0 + 3)) + 12
8
Evaluate -110 + 162 + 37 + -63.
26
3 + -17 - (-42 - (5 + -56))
-23
What is the value of -28 + (-79 - 11) + 89?
-29
What is the value of 24 + -74 + 37 + -29?
-42
(19 + -16 + -46 - (-3 - -16)) + (-5 - -5)
-56
What is -44 + 169 + -99 + -12?
14
Calculate 38 + -38 + (-12 - (-11 + -68)).
67
Calculate (2 - -40 - 35 - (5 - (18 - -1))) + -11.
10
-12 + (-1 - 39) + 65 + 16 + -81
-52
Evaluate (-16 - (-6 - (-4 + -1))) + -7 + 23.
1
Evaluate 1 + 61 + (3994 - 4031).
25
-22 - (-100 + -161 + 127)
112
What is the value of -85 + 14 + -41 + 22 + 14 + 0?
-76
What is the value of (-51 + 209 - 46) + -69?
43
What is 19 - (11 - -34) - 6?
-32
What is the value of 1 + (3 - (-102 - ((-3 - (3 - -1)) + -3)))?
96
(2 - -3) + 13 + 157 + -98
77
What is the value of (-17 - -1) + (76 - 5 - 102)?
-47
Calculate 113 + -237 + 50 + 34.
-40
Evaluate 65 + (-37 - 9 - 24).
-5
(-22 - 6) + 66 - 26
12
What is the value of (-28 - (9 + 3 + -14)) + -10 + 3?
-33
What is -1108 - -1070 - (-27 + 0)?
-11
What is (16 - (42 + 2)) + -8 + -31?
-67
55 - ((69 - 47) + 7)
26
-6 + 7 + 154 + (-12 + -1 - -8)
150
-16 + 8 + -7 + 14 + 2
1
Evaluate 19 + 37 + -40 + (28 - 14).
30
What is 52 + 8 + (12 - (-3 - (25 - 47)))?
53
Evaluate -43 + (66 - 54) + 34.
3
Evaluate 3 + -4 + -17 + 9 + -14.
-23
Calculate 1 - -18 - 1 - (-268 + (-64 - -342)).
8
What is (-1 - (16 - -1)) + (-3712 - -3713) + -2?
-19
(140 - 221 - (-2 + 13)) + 21 + -3
-74
What is the value of 3 + (-39 - -11 - 12)?
-37
What is the value of 0 + (-44 - (10 - 6 - 7))?
-41
What is the value of 6 - (-197 + 192 + (-3 - (-74 + 4)))?
-56
-59 + (34 - 43) - (4 + -29)
-43
63 + -103 + -30 + 12
-58
Calculate (1 - 11) + (13 + -191 - -136).
-52
What is the value of -43 + 42 + -14 + 41?
26
What is (-7 - (13 + -5 + -20) - 17) + 9 + 128?
125
What is -20 + (-1 - (16 - 30))?
-7
6 - 9 - ((-19 - 0) + 5 - -32) - 7
-28
What is the value of -20 - ((-2 - -20) + -76) - -2?
40
-4878 + 4908 + (-19 - -2)
13
Evaluate -6 + 70 + (9 - (-18 + 11)) + -5.
75
Calculate 49 - (14 - (34 - (-5 + 9) - (14 + -2))).
53
What is -22 + (39 + 42 - 13)?
46
What is the value of -3 + -4 - (22 + (24 - 17) + -4)?
-32
Evaluate -24 + (56 - 45 - ((0 - -5) + -3)).
-15
Calculate -5 + 0 + (-15 + 19 - -11).
10
Evaluate -6 - (-3 + (-1 - (7 + -9 + 9)) - -37).
-32
-78 - (16 + (10 - (66 - 19)) + 16)
-73
What is -35 - (35 - (25 - -33))?
-12
Calculate -80 + (3 + 133 - -24).
80
What is the value of (0 - -1) + -110 + 9 + -14 + -49 + 55?
-108
Evaluate 55 - 3 - (-208 + 290).
-30
What is the value of (4 - -1) + (4 - 3 - 12) + 8?
2
What is the value of -18 + 29 - 9 - (4 - 26)?
24
-3690 + 3650 + (-1 - 1 - -13)
-29
Evaluate -13 - (-11 - (-2 - -14)) - (-39 - 2).
51
Evaluate 1 + -7 + -84 - (46 - (59 + -18)).
-95
Evaluate 42 + -31 + 0 - (-2 - -3).
10
What is (-26 - -67 - 136) + -48?
-143
(11 - 52 - -4) + 42
5
-125 + (-32 - (16 - 134))
-39
Evaluate 42 + 11 - (12 - (-2 + -10)).
29
41 - (6 + (30 - 16) + -4)
25
20 + (-3 - -24) + -42 + 9 + -1 - -12
19
What is the value of -10 + (-29 - -21) + 4 + (70 - 1)?
55
0 + 47 + (21 - -235 - 240)
63
Calculate 24 + -202 + 150 + (128 - 1).
99
What is the value of -33 - (-37 + 20 - 6) - (4 + 3)?
-17
What is (236 - (108 - -142)) + (-1 - 119)?
-134
What is (17 - 22) + 6 + -1 + 34?
34
(-36 - -22) + 28 - 37 - -18
-5
What is the value of -5 + (-14 - (-9 + 6 - -7)) + -5 + 2?
-26
(6 - (-14 + 52)) + -21 + 5
-48
What is 11 - (5 - 13 - 12) - -5?
36
Calculate (2 - (0 - 67 - 1)) + -4444 + 4448.
74
Calculate 83 + -73 + 146 + -55.
101
21 + -17 + -1 + -156 - (-463 - -444)
-134
What is (87 - 19) + -302 + 281 + 0 + 9?
56
What is the value of -100 - (-18 + (-7 - -33)) - -10 - 2?
-100
60 + 9 + -20 - ((10 - 5) + -13)
57
What is -8 + -6 - (54 - 27 - 3)?
-38
43 + -58 + 33 - (30 - 2) - (-29 + 1)
18
What is 12 + (-67 - -49) + 46?
40
Evaluate 20 - (-1 - -1) - (-99 + (-124 - -116)).
127
Calculate -6 + (-8 - (1 + -6)) + (64 - 73).
-18
What is (-60 - -78 - 37) + 8 + -1 - (-5 - -76)?
-83
What is the value of 18 - 189 - (-252 + 187)?
-106
What is 13 + 20 + -17 + (-8 - 2) + -2 + -78?
-74
What is 1 - (-1 + -21) - (-1115 + 1094)?
44
What is the value of 80 + 38 + -96 - 11?
11
-25 - (-19 - (59 + -101))
-48
36 - 0 - (-3808 + 3812)
32
Evaluate -19 + 24 + 25 + -21 + -7.
2
52 - (-40 + (200 - 119))
11
53 - (-87 - -49) - 64
27
What is the value of -18 + (0 - 8) + 323 + -324?
-27
Calculate (5 + -12 - (-29 - -9)) + (-2 - -69) + -12.
68
1 + (4 - -64) + -31
38
Evaluate 114 + (-115 - -39) - 172.
-134
Calculate (1 - -90) + (2461 - 2488).
64
What is the value of 3681 + -3691 - (1 + -36)?
25
Evaluate 56 + -15 + 4 - -12.
57
-7 - (9 + 10 + (14 - (53 + -4)))
9
What is 25 - ((-23 - -24) + (37 - 63))?
50
Calculate -68 - (69 - (231 - 47)).
47
Calculate -53 + 2 + 858 + -823.
-16
-49 - (-1 - -5) - (-519 - -505)
-39
Evaluate -13 + 13 + 9 + -10 + 47.
46
What is (1 - 3) + 13 + (-20 + 19 + 5 - 6)?
9
What is the value of -5 - (0 - 22 - -64)?
-47
What is 10 - 1 - (-55 + (-58 - -114)) - (-6 - 0)?
14
What is -27 - (472 - 432 - (-1 - -136))?
68
What is -3 + -13 + 4 + (-1 - -6) - 31?
-38
Evaluate -62 + -49 + -2 + 8 + 35 + -37.
-107
-11 + (0 - 15) + -27 + (-23 - -55)
-21
Calculate -27 + 25 + (-15 - 0) - -12.
-5
Calculate (0 - -15) + -45 - (2 - (-6 + 11)).
-27
Evaluate (-2 - -1) + (29 + (-14 - -2) - 4) - 74.
-62
(6 + 12 + -20 - -10) + -66 + -1 + 9
-50
What is 94 + (7 - 9) - (53 - 29)?
68
What is the value of -4 - (3 - 9 - (-1 + -1 + -133 + 135))?
2
Calculate -39 + 24 + (16 - -2) - 122 - -13.
-106
60 - (-42 + (2 - -46) - (-11 + 2))
45
Calculate 32 - (-26 + 92 + -36).
2
557 + -491 - (-7 - -91)
-18
What is 17 + (-1 + -17 - (24 - 33))?
8
Evaluate -5 + -4 + 6 - (1 + -13) - 5 - -32.
36
What is 10 + -26 + 28 - 8?
4
Calculate (-10652 - -10622) + 2 + (2 - -4).
-22
Evaluate -2084 - -2075 - (-1 - -5).
-13
Calculate 0 - ((112 + 15 - -6) + -27).
-106
What is (0 + 5 - (5 - 71)) + (52 - 60) - -14?
77
3 + -5 + 0 + 1 - 1 - (-162 + 224)
-64
What is (15 + -14 - -6 - 1) + -9?
-3
Calculate -1 - 63 - (-5620 + 5571).
-15
What is the value of -13 + 47 + -128 + 37?
-57
What is the value of (-1 - -104) + (-127 + 239 - 132)?
83
Evaluate 43 + 17 + -17 + -15 + -81.
-53
Evaluate (-12 + 9 + -14 - -18) + -7 - (3 + -127).
118
Evaluate 2 + (-19 - 0) + -9 + 21 + -82.
-87
Calculate (-19 - (-5 + -1) - (3 - (17 + 2))) + -31.
-28
Calculate 23 + 18 + 10 + -4.
47
What is 1 + 10 - (479 - 476) - 43?
-35
Evaluate 220 + -37 - 78 - (4 - 10).
111
Evaluate (4 + -26 - -8) + -6 + 2 + 95.
77
What is (12 - 10) + 9 - (-5 + 8) - -18?
26
Evaluate -119 + (-3 - (82 + -142)).
-62
(7 - (-7 - 30)) + 5 + (19 - 9)
59
What is -52 - (0 + 1 - 17 - (-36 - (19 + -46)))?
-45
97 - 3 - (84 - (-78 - -165))
97
-11 - (8 + 1 - (21 + -1 + (134 - 28)))
106
What is the value of -8 + -5 + -4 + 1 + 1 + -6 + 4?
-17
(8 + 3 + -4 - 4) + -13 + 50
40
(-3 - -19) + (-3 - (13 - (4 + -1)))
3
What is the value of -43 - (16 + (9 - 7) + -22)?
-39
What is 9 + 3 - ((84 - 94) + (0 - 4) + -12)?
38
Calculate 0 + 1 - (-170 - -139) - 40.
-8
What is (-10 - -78 - 35 - 15) + 42?
60
(6 - (2 - 0)) + (-83 - -104 - -14)
39
What is the value of -225 + (-136 + 146 - -117)?
-98
Calculate 80 + -57 + -43 - -44.
24
What is (-78 + 37 - -73) + -108?
-76
Evaluate -1 + 39 + -97 + 96 + 10.
47
Calculate 3 + (-49 - (44 - 71)).
-19
What is the value of -8 - (-23 - 42) - 99?
-42
What is 5 + (2 - -1) - (370 + -332) - 19?
-49
28 + 2 - (3 - (74 + -94 - (-10 + -3)))
20
What is the value of 15 + -3 + 8 